t is -101 (base 7) in base 16?
-32
Convert 6 (base 9) to base 13.
6
What is 34 (base 6) in base 8?
26
What is -2212 (base 3) in base 2?
-1001101
What is 0 (base 14) in base 11?
0
What is 96 (base 10) in base 3?
10120
Convert 6 (base 8) to base 7.
6
229 (base 13) to base 4
11311
Convert -18 (base 13) to base 7.
-30
What is 0 (base 6) in base 5?
0
What is -23 (base 8) in base 3?
-201
What is 25 (base 7) in base 8?
23
What is 7b (base 15) in base 3?
11022
Convert -10 (base 2) to base 11.
-2
Convert -2 (base 15) to base 10.
-2
Convert -84 (base 15) to base 4.
-1330
What is 111 (base 8) in base 14?
53
Convert -31 (base 4) to base 14.
-d
Convert 2 (base 16) to base 2.
10
What is -101010 (base 2) in base 15?
-2c
Convert -58 (base 9) to base 7.
-104
Convert -7 (base 10) to base 7.
-10
Convert 3 (base 6) to base 7.
3
What is -10 (base 3) in base 13?
-3
-4 (base 8) to base 13
-4
635 (base 7) to base 13
1b8
Convert -1 (base 11) to base 3.
-1
-10 (base 6) to base 9
-6
Convert -20 (base 4) to base 11.
-8
Convert -5 (base 7) to base 11.
-5
Convert 10 (base 7) to base 8.
7
Convert 124 (base 5) to base 13.
30
Convert 1 (base 9) to base 7.
1
-1 (base 6) to base 4
-1
What is -2 (base 8) in base 4?
-2
10000 (base 2) to base 15
11
Convert 10 (base 5) to base 7.
5
What is 1101 (base 2) in base 6?
21
What is -100 (base 4) in base 6?
-24
Convert 123 (base 4) to base 9.
30
What is -170 (base 10) in base 15?
-b5
Convert -2 (base 13) to base 7.
-2
233 (base 5) to base 14
4c
Convert -3 (base 11) to base 3.
-10
Convert 4 (base 14) to base 2.
100
What is 1033 (base 4) in base 3?
2221
What is 58 (base 9) in base 10?
53
Convert 0 (base 14) to base 15.
0
Convert 5 (base 8) to base 11.
5
What is 3 (base 16) in base 4?
3
Convert 100 (base 2) to base 4.
10
Convert -8 (base 11) to base 10.
-8
Convert 4 (base 8) to base 13.
4
What is 0 (base 4) in base 3?
0
Convert 0 (base 8) to base 2.
0
What is -5 (base 11) in base 7?
-5
0 (base 10) to base 14
0
2 (base 3) to base 7
2
What is 2b (base 12) in base 10?
35
What is -20 (base 4) in base 6?
-12
Convert 7 (base 10) to base 5.
12
1 (base 4) to base 6
1
Convert -1b (base 14) to base 12.
-21
Convert -12 (base 4) to base 3.
-20
Convert -3 (base 16) to base 9.
-3
What is -6 (base 11) in base 9?
-6
33 (base 7) to base 9
26
Convert -2b (base 15) to base 11.
-38
Convert -2 (base 14) to base 5.
-2
Convert -21 (base 6) to base 14.
-d
-11 (base 6) to base 5
-12
177 (base 14) to base 12
211
What is 2022 (base 4) in base 11?
116
-11 (base 5) to base 10
-6
Convert -44 (base 9) to base 15.
-2a
-3 (base 13) to base 2
-11
-1a (base 14) to base 5
-44
-1 (base 9) to base 8
-1
-2 (base 9) to base 14
-2
What is 36 (base 14) in base 11?
44
What is 0 (base 2) in base 11?
0
What is -5 (base 15) in base 3?
-12
-11 (base 2) to base 10
-3
Convert 1 (base 13) to base 8.
1
Convert -32 (base 13) to base 11.
-38
What is -2 (base 9) in base 14?
-2
-c (base 15) to base 12
-10
10 (base 4) to base 11
4
Convert 10100 (base 2) to base 8.
24
Convert 0 (base 16) to base 8.
0
Convert 84 (base 9) to base 12.
64
34 (base 5) to base 11
18
Convert 200 (base 3) to base 4.
102
11 (base 2) to base 9
3
What is 144 (base 9) in base 15?
81
Convert -3 (base 9) to base 12.
-3
Convert 25 (base 13) to base 8.
37
Convert 10 (base 5) to base 16.
5
What is 3 (base 8) in base 14?
3
Convert -25 (base 13) to base 15.
-21
-1 (base 12) to base 16
-1
-6 (base 14) to base 6
-10
What is -16 (base 15) in base 16?
-15
4 (base 11) to base 15
4
-2 (base 15) to base 8
-2
Convert 1103 (base 6) to base 14.
143
What is -2 (base 16) in base 14?
-2
Convert -38 (base 9) to base 8.
-43
Convert 4 (base 6) to base 9.
4
Convert -1101001 (base 2) to base 5.
-410
3 (base 7) to base 4
3
Convert 17 (base 9) to base 6.
24
What is -1 (base 12) in base 11?
-1
What is -3 (base 7) in base 4?
-3
What is -2 (base 7) in base 13?
-2
What is 4 (base 6) in base 9?
4
What is 16 (base 8) in base 2?
1110
Convert 20 (base 14) to base 11.
26
What is -100 (base 3) in base 8?
-11
What is 17 (base 12) in base 11?
18
Convert 1 (base 11) to base 6.
1
37 (base 13) to base 15
31
What is -2 (base 5) in base 15?
-2
What is 138 (base 11) in base 9?
200
What is -254 (base 12) in base 16?
-160
What is 37 (base 12) in base 6?
111
f (base 16) to base 13
12
10101 (base 2) to base 3
210
What is -15 (base 8) in base 13?
-10
Convert -d2 (base 14) to base 6.
-504
What is -110101 (base 2) in base 9?
-58
Convert 2 (base 4) to base 8.
2
Convert -210 (base 3) to base 9.
-23
Convert 277 (base 9) to base 5.
1412
Convert -27 (base 10) to base 8.
-33
Convert 32 (base 15) to base 14.
35
What is 14 (base 9) in base 2?
1101
What is 1 (base 7) in base 16?
1
-21 (base 4) to base 11
-9
What is 2 (base 9) in base 2?
10
What is -11 (base 9) in base 6?
-14
-21 (base 5) to base 2
-1011
Convert -318 (base 9) to base 5.
-2020
What is 2 (base 12) in base 4?
2
Convert 34 (base 8) to base 12.
24
Convert 1 (base 6) to base 2.
1
What is -120 (base 3) in base 9?
-16
-3 (base 8) to base 12
-3
Convert 5 (base 15) to base 4.
11
-18 (base 10) to base 16
-12
10b (base 14) to base 7
414
Convert 214 (base 7) to base 15.
74
Convert 1 (base 6) to base 15.
1
What is -2 (base 6) in base 12?
-2
Convert -301 (base 5) to base 16.
-4c
What is -45 (base 6) in base 2?
-11101
Convert -3 (base 7) to base 6.
-3
What is 3 (base 16) in base 7?
3
Convert 10111 (base 2) to base 15.
18
Convert 1 (base 9) to base 12.
1
Convert -44 (base 7) to base 3.
-1012
215 (base 8) to base 5
1031
-2 (base 3) to base 9
-2
What is -10 (base 13) in base 9?
-14
What is -9d (base 15) in base 11?
-125
What is -167 (base 10) in base 15?
-b2
-430 (base 5) to base 8
-163
What is -79 (base 16) in base 7?
-232
-11 (base 3) to base 4
-10
What is -4 (base 5) in base 3?
-11
Convert -2 (base 13) to base 10.
-2
-18 (base 11) to base 4
-103
2233 (base 4) to base 3
20111
7b (base 16) to base 3
11120
2 (base 13) to base 12
2
Convert -34 (base 9) to base 12.
-27
What is -1 (base 13) in base 9?
-1
-10 (base 2) to base 13
-2
What is 211 (base 3) in base 4?
112
-22210 (base 3) to base 4
-3231
What is 0 (base 13) in base 12?
0
What is 4a (base 15) in base 7?
130
Convert -20100 (base 3) to base 10.
-171
Convert 9 (base 11) to base 13.
9
Convert 3a (base 12) to base 11.
42
What is -2020 (base 4) in base 16?
-88
What is 3 (base 4) in base 8?
3
0 (base 5) to base 12
0
Convert -3 (base 15) to base 13.
-3
What is 0 (base 14) in base 2?
0
Convert -107 (base 10) to base 3.
-10222
What is -48 (base 9) in base 6?
-112
What is -61 (base 9) in base 4?
-313
What is 5 (base 8) in base 13?
5
Convert 1 (base 4) to base 5.
1
What is 3 (base 6) in base 14?
3
What is 283 (base 12) in base 11?
322
What is -4 (base 15) in base 3?
-11
Convert -56 (base 7) to base 2.
-101001
What is -1 (base 6) in base 11?
-1
What is 1 (base 5) in base 7?
1
What is 20 (base 7) in base 10?
14
What is 10 (base 2) in base 3?
2
-2 (base 12) to base 14
-2
-101010 (base 2) to base 12
-36
What is 11 (base 3) in base 11?
4
Convert -c (base 16) to base 14.
-c
-111101 (base 2) to base 4
-331
Convert -32 (base 4) to base 16.
-e
Convert 10 (base 2) to base 9.
2
What is 41 (base 11) in base 14?
33
Convert -4 (base 11) to base 8.
-4
Convert 7 (base 13) to base 9.
7
-9d (base 15) to base 12
-104
What is -52 (base 14) in base 15?
-4c
What is 17 (base 16) in base 11?
21
What is -4 (base 16) in base 12?
-4
330 (base 5) to base 10
90
What is 21200 (base 3) in base 6?
543
Convert -c (base 16) to base 6.
-20
Convert -6d (base 14) to base 6.
-241
What is 5 (base 9) in base 11?
5
What is -1111 (base 4) in base 5?
-320
7 (base 9) to base 7
10
-101101 (base 2) to base 5
-140
9 (base 11) to base 3
100
Convert -15 (base 6) to base 5.
-21
What is 110 (base 12) in base 2?
10011100
Convert 0 (base 13) to base 16.
0
-1 (base 12) to base 5
-1
What is 8 (base 12) in base 13?
8
Convert 123 (base 13) to base 11.
170
What is 4 (base 6) in base 15?
4
2 (base 4) to base 2
10
Convert 2d (base 15) to base 7.
61
5 (base 16) to base 4
11
What is -11 (base 2) in base 12?
-3
What is -25 (base 13) in base 8?
-37
-16 (base 8) to base 10
-14
-1011100 (base 2) to base 11
-84
-22 (base 3) to base 10
-8
Convert -1 (base 3) to base 6.
-1
-bf (base 16) to base 9
-232
6 (base 11) to base 9
6
18 (base 10) to base 9
20
3 (base